{"id":2968,"date":"2022-01-24T14:48:28","date_gmt":"2022-01-24T13:48:28","guid":{"rendered":"http:\/\/db-school.fr\/?page_id=2968"},"modified":"2025-09-15T08:53:07","modified_gmt":"2025-09-15T06:53:07","slug":"indicateur-de-performance","status":"publish","type":"page","link":"https:\/\/db-school.fr\/index.php\/indicateur-de-performance\/","title":{"rendered":"Indicateur de performance"},"content":{"rendered":"\n<h1 class=\"wp-block-heading has-text-align-center has-black-color has-luminous-vivid-amber-background-color has-text-color has-background has-huge-font-size\">Indicateur de performance 2025<\/h1>\n\n\n\n<figure class=\"wp-block-table is-style-stripes\"><table><tbody><tr><td><\/td><td class=\"has-text-align-center\" data-align=\"center\"><\/td><td class=\"has-text-align-center\" data-align=\"center\"><\/td><td class=\"has-text-align-center\" data-align=\"center\"><\/td><td class=\"has-text-align-center\" data-align=\"center\"><strong>R<\/strong><\/td><td class=\"has-text-align-center\" data-align=\"center\"><strong>\u00c9<\/strong><\/td><td class=\"has-text-align-center\" data-align=\"center\"><strong>S<\/strong><\/td><td class=\"has-text-align-center\" data-align=\"center\"><strong>U<\/strong><\/td><td class=\"has-text-align-center\" data-align=\"center\"><strong>L<\/strong><\/td><td class=\"has-text-align-center\" data-align=\"center\"><strong>T<\/strong><\/td><td class=\"has-text-align-center\" data-align=\"center\"><strong>A<\/strong><\/td><td class=\"has-text-align-center\" data-align=\"center\"><strong>T<\/strong><\/td><td class=\"has-text-align-center\" data-align=\"center\"><strong>S<\/strong><\/td><td><\/td><td class=\"has-text-align-center\" data-align=\"center\"><\/td><td class=\"has-text-align-center\" data-align=\"center\"><\/td><\/tr><tr><td><\/td><td class=\"has-text-align-center\" data-align=\"center\"><strong>Fr\u00e9quence de suivi de l&#8217;indicateur<\/strong><\/td><td class=\"has-text-align-center\" data-align=\"center\"><strong>Fr\u00e9quence de communication des r\u00e9sultats<\/strong><\/td><td class=\"has-text-align-center\" data-align=\"center\">Janvier<\/td><td class=\"has-text-align-center\" data-align=\"center\">f\u00e9vrier<\/td><td class=\"has-text-align-center\" data-align=\"center\">mars<\/td><td class=\"has-text-align-center\" data-align=\"center\">avril<\/td><td class=\"has-text-align-center\" data-align=\"center\">mai<\/td><td class=\"has-text-align-center\" data-align=\"center\">juin<\/td><td class=\"has-text-align-center\" data-align=\"center\">juillet<\/td><td class=\"has-text-align-center\" data-align=\"center\">ao\u00fbt<\/td><td class=\"has-text-align-center\" data-align=\"center\">sept<\/td><td class=\"has-text-align-center\" data-align=\"center\">oct<\/td><td>nov<\/td><td class=\"has-text-align-center\" data-align=\"center\">d\u00e9c<\/td><td class=\"has-text-align-center\" data-align=\"center\">Total automatique pour l&#8217;ann\u00e9e<\/td><\/tr><tr><td><strong>Taux de satisfaction (en %)<\/strong><\/td><td class=\"has-text-align-center\" data-align=\"center\">taux de r\u00e9ussite&nbsp;<\/td><td class=\"has-text-align-center\" data-align=\"center\">annuelle<\/td><td class=\"has-text-align-center\" data-align=\"center\">0<\/td><td class=\"has-text-align-center\" data-align=\"center\">98<\/td><td class=\"has-text-align-center\" data-align=\"center\">98<\/td><td class=\"has-text-align-center\" data-align=\"center\">99<\/td><td class=\"has-text-align-center\" data-align=\"center\">0<\/td><td class=\"has-text-align-center\" data-align=\"center\">0<\/td><td class=\"has-text-align-center\" data-align=\"center\">0<\/td><td class=\"has-text-align-center\" data-align=\"center\">99<\/td><td class=\"has-text-align-center\" data-align=\"center\">&#8211;<\/td><td class=\"has-text-align-center\" data-align=\"center\">&#8211;<\/td><td>&#8211;<\/td><td class=\"has-text-align-center\" data-align=\"center\">&#8211;<\/td><td class=\"has-text-align-center\" data-align=\"center\">&#8211;<\/td><\/tr><tr><td><strong>Nombre de stagiaires<\/strong><\/td><td class=\"has-text-align-center\" data-align=\"center\">&nbsp;formations&nbsp;<\/td><td class=\"has-text-align-center\" data-align=\"center\">annuelle<\/td><td class=\"has-text-align-center\" data-align=\"center\">0<\/td><td class=\"has-text-align-center\" data-align=\"center\">1<\/td><td class=\"has-text-align-center\" data-align=\"center\">6<\/td><td class=\"has-text-align-center\" data-align=\"center\">2<\/td><td class=\"has-text-align-center\" data-align=\"center\">0<\/td><td class=\"has-text-align-center\" data-align=\"center\">0<\/td><td class=\"has-text-align-center\" data-align=\"center\">0<\/td><td class=\"has-text-align-center\" data-align=\"center\">1<\/td><td class=\"has-text-align-center\" data-align=\"center\">&#8211;<\/td><td class=\"has-text-align-center\" data-align=\"center\">&#8211;<\/td><td>&#8211;<\/td><td class=\"has-text-align-center\" data-align=\"center\">&#8211;<\/td><td class=\"has-text-align-center\" data-align=\"center\">&#8211;<\/td><\/tr><tr><td><strong>Nombre d&#8217;heures de formation<\/strong><\/td><td class=\"has-text-align-center\" data-align=\"center\">heures formations<\/td><td class=\"has-text-align-center\" data-align=\"center\">annuelle<\/td><td class=\"has-text-align-center\" data-align=\"center\">0<\/td><td class=\"has-text-align-center\" data-align=\"center\">18<\/td><td class=\"has-text-align-center\" data-align=\"center\">92<\/td><td class=\"has-text-align-center\" data-align=\"center\">28<\/td><td class=\"has-text-align-center\" data-align=\"center\">0<\/td><td class=\"has-text-align-center\" data-align=\"center\">0<\/td><td class=\"has-text-align-center\" data-align=\"center\">0<\/td><td class=\"has-text-align-center\" data-align=\"center\">14<\/td><td class=\"has-text-align-center\" data-align=\"center\">&#8211;<\/td><td class=\"has-text-align-center\" data-align=\"center\">&#8211;<\/td><td>&#8211;<\/td><td class=\"has-text-align-center\" data-align=\"center\">&#8211;<\/td><td class=\"has-text-align-center\" data-align=\"center\">325<\/td><\/tr><tr><td><strong>Nombre de formations<\/strong><\/td><td class=\"has-text-align-center\" data-align=\"center\">stagiaires<\/td><td class=\"has-text-align-center\" data-align=\"center\">annuelle<\/td><td class=\"has-text-align-center\" data-align=\"center\">0<\/td><td class=\"has-text-align-center\" data-align=\"center\">1<\/td><td class=\"has-text-align-center\" data-align=\"center\">6<\/td><td class=\"has-text-align-center\" data-align=\"center\">2<\/td><td class=\"has-text-align-center\" data-align=\"center\">0<\/td><td class=\"has-text-align-center\" data-align=\"center\">0<\/td><td class=\"has-text-align-center\" data-align=\"center\">0<\/td><td class=\"has-text-align-center\" data-align=\"center\">1<\/td><td class=\"has-text-align-center\" data-align=\"center\">&#8211;<\/td><td class=\"has-text-align-center\" data-align=\"center\">&#8211;<\/td><td>&#8211;<\/td><td class=\"has-text-align-center\" data-align=\"center\">&#8211;<\/td><td class=\"has-text-align-center\" data-align=\"center\">26<\/td><\/tr><\/tbody><\/table><\/figure>\n\n\n\n<p><\/p>\n","protected":false},"excerpt":{"rendered":"<p>Indicateur de performance 2025 R \u00c9 S U L T A T S Fr\u00e9quence de suivi de l&#8217;indicateur Fr\u00e9quence de communication des r\u00e9sultats Janvier f\u00e9vrier mars avril mai juin juillet ao\u00fbt sept oct nov d\u00e9c Total automatique pour l&#8217;ann\u00e9e Taux de satisfaction (en %) taux de r\u00e9ussite&nbsp; annuelle 0 98 98 99 0 0 0<a class=\"article-read-more\" href=\"https:\/\/db-school.fr\/index.php\/indicateur-de-performance\/\"><i class=\"worldblogicon fa-angle-double-right\"><\/i><\/a><\/p>\n","protected":false},"author":1,"featured_media":0,"parent":0,"menu_order":0,"comment_status":"closed","ping_status":"closed","template":"","meta":{"footnotes":""},"class_list":["post-2968","page","type-page","status-publish","hentry"],"_links":{"self":[{"href":"https:\/\/db-school.fr\/index.php\/wp-json\/wp\/v2\/pages\/2968","targetHints":{"allow":["GET"]}}],"collection":[{"href":"https:\/\/db-school.fr\/index.php\/wp-json\/wp\/v2\/pages"}],"about":[{"href":"https:\/\/db-school.fr\/index.php\/wp-json\/wp\/v2\/types\/page"}],"author":[{"embeddable":true,"href":"https:\/\/db-school.fr\/index.php\/wp-json\/wp\/v2\/users\/1"}],"replies":[{"embeddable":true,"href":"https:\/\/db-school.fr\/index.php\/wp-json\/wp\/v2\/comments?post=2968"}],"version-history":[{"count":14,"href":"https:\/\/db-school.fr\/index.php\/wp-json\/wp\/v2\/pages\/2968\/revisions"}],"predecessor-version":[{"id":3245,"href":"https:\/\/db-school.fr\/index.php\/wp-json\/wp\/v2\/pages\/2968\/revisions\/3245"}],"wp:attachment":[{"href":"https:\/\/db-school.fr\/index.php\/wp-json\/wp\/v2\/media?parent=2968"}],"curies":[{"name":"wp","href":"https:\/\/api.w.org\/{rel}","templated":true}]}}