{"id":3097,"date":"2022-01-28T09:37:48","date_gmt":"2022-01-28T08:37:48","guid":{"rendered":"https:\/\/db-school.fr\/?page_id=3097"},"modified":"2025-09-15T09:08:27","modified_gmt":"2025-09-15T07:08:27","slug":"formation-pains-et-pains-speciaux","status":"publish","type":"page","link":"https:\/\/db-school.fr\/index.php\/nos-formations\/formation-pains-et-pains-speciaux\/","title":{"rendered":"Pains et Pains Sp\u00e9ciaux"},"content":{"rendered":"<h2 class=\"has-text-align-center wp-block-post-title\">Pains et Pains Sp\u00e9ciaux<\/h2>\n\n\n<p><\/p>\n\n\n\n<p><strong>Notre objectif p\u00e9dagogique :<\/strong><br>\u00a0<strong>A l&#8217;issue de la formation , le<\/strong> <strong>stagiaire sera capable de :<\/strong><\/p>\n\n\n\n<p><strong>Ma\u00eetriser les<\/strong> <strong>diff\u00e9rentes<\/strong> <strong>techniques de fabrication de pains et de<\/strong> <strong>pains sp\u00e9ciaux.<\/strong><\/p>\n\n\n\n<p><strong>Diff\u00e9rencier les diff\u00e9rents temps de<\/strong> <strong>p\u00e9trissages et les diff\u00e9rents p\u00e9trissages<\/strong> <strong>avec p\u00e9trin spirale et oblique.<\/strong><\/p>\n\n\n\n<p><strong>G\u00e9rer les diff\u00e9rentes m\u00e9thodes de pousses<\/strong> <strong>de fermentation de la p\u00e2te avec ou sans<\/strong> <strong>levain.<\/strong><\/p>\n\n\n\n<p><strong>Respecter toutes les \u00e9tapes de production<\/strong> <strong>dans l\u2019ordre de r\u00e9alisation.<\/strong><\/p>\n\n\n\n<p><strong>G\u00e9rer les temps et temp\u00e9ratures de<\/strong> <strong>cuissons.<\/strong><\/p>\n\n\n\n<p><strong>Savoir calculer les diff\u00e9rents prix de vente<\/strong> <strong>des pains ( \u00e0 la pi\u00e8ce et au poids )<\/strong><\/p>\n\n\n\n<p><strong>Modalit\u00e9s pratiques :<\/strong><br>&nbsp;Stage r\u00e9alis\u00e9 en intra.<\/p>\n\n\n\n<p>Dur\u00e9e : 2 jours de 9 heuresselon vos disponibilit\u00e9s.<\/p>\n\n\n\n<p>Tarif , \u00e0 partir de 48,00 \u20ac apr\u00e8s \u00e9tude des besoins.<\/p>\n\n\n\n<p>D\u00e9lai d\u2019acc\u00e8s: possibilit\u00e9 de r\u00e9aliser la formation dans le mois, apr\u00e8s analyse du dossier.<\/p>\n\n\n\n<p><strong>Public et pr\u00e9-requis :<\/strong><br>&nbsp;Public:boulangers et p\u00e2tissiers.<\/p>\n\n\n\n<p>Tout accessibilit\u00e9 aux personnes<\/p>\n\n\n\n<p>en situation de handicap (PSH)<\/p>\n\n\n\n<p>Pr\u00e9-requis : aucun pr\u00e9-requis.<\/p>\n\n\n\n<p><strong>Contenu de la formation : 1 er jour<\/strong><br>Expos\u00e9 technique sur diff\u00e9rentes farines et diff\u00e9rents ingr\u00e9dients pour r\u00e9aliser les pains sp\u00e9ciaux. Expos\u00e9 technique sur diff\u00e9rents levains et levures.\u00a0<\/p>\n\n\n\n<p>Pr\u00e9paration et r\u00e9alisation des mises en place des recettes avec ou sans bassinage ,\u00a0 avec ou sans autolyse .<\/p>\n\n\n\n<p><br><strong>2 \u00e8me jour<\/strong><br>Explication de diff\u00e9rents temps de pointage, d&#8217;appr\u00e9. <\/p>\n\n\n\n<p>Diff\u00e9rents fa\u00e7onnage machine et mains.Conseil en temp\u00e9ratures de base et temp\u00e9ratures decuisson.<\/p>\n\n\n\n<p>Explications sur le calcul des prix de vente .<br><\/p>\n\n\n\n<p><strong>Moyens p\u00e9dagogiques, techniques et d&#8217;encadrement :<\/strong><br>Formation-action : l&#8217;ensemble des productions sont r\u00e9alis\u00e9es par les stagiaireseux-m\u00eame.<\/p>\n\n\n\n<p>Analyse critique desr\u00e9alisations.<\/p>\n\n\n\n<p>Apports de connaissances techniques et th\u00e9oriques. <\/p>\n\n\n\n<p class=\"has-text-align-center\"><strong>La formation sera assur\u00e9 par Mr Didier BARRIELLE boulanger, p\u00e2tissier, confiseur, chocolatier, glacier, formateur dipl\u00f4m\u00e9.<\/strong><\/p>\n\n\n\n<pre class=\"wp-block-code\"><code><strong>Modalit\u00e9s de suivi, d'\u00e9valuation et de validation :<\/strong>\n\n <strong> <\/strong>Suivi : Une feuille d'\u00e9margement est sign\u00e9e par le stagiaire et le formateur par demi-journ\u00e9e.\nEvaluation : Questions r\u00e9ponses puis mise en situation des r\u00e9alisations en fabrication.\nValidation : Attestation de fin de formation ( aucun recyclage n'est n\u00e9cessaire ).<\/code><\/pre>\n\n\n\n<div class=\"wp-block-buttons is-layout-flex wp-block-buttons-is-layout-flex\">\n<div class=\"wp-block-button aligncenter\"><a class=\"wp-block-button__link wp-element-button\" href=\"http:\/\/db-school.fr\/wp-content\/uploads\/2025\/09\/1-pains-et-pains-speciaux-20-08-25-.pdf\" target=\"_blank\" rel=\"noreferrer noopener\">T\u00e9l\u00e9charger la fiche de cette formation<\/a><\/div>\n<\/div>\n\n\n\n<p><\/p>\n","protected":false},"excerpt":{"rendered":"<p>Notre objectif p\u00e9dagogique :\u00a0A l&#8217;issue de la formation , le stagiaire sera capable de : Ma\u00eetriser les diff\u00e9rentes techniques de fabrication de pains et de pains sp\u00e9ciaux. Diff\u00e9rencier les diff\u00e9rents temps de p\u00e9trissages et les diff\u00e9rents p\u00e9trissages avec p\u00e9trin spirale et oblique. G\u00e9rer les diff\u00e9rentes m\u00e9thodes de pousses de fermentation de la p\u00e2te avec ou<a class=\"article-read-more\" href=\"https:\/\/db-school.fr\/index.php\/nos-formations\/formation-pains-et-pains-speciaux\/\"><i class=\"worldblogicon fa-angle-double-right\"><\/i><\/a><\/p>\n","protected":false},"author":1,"featured_media":0,"parent":19,"menu_order":0,"comment_status":"closed","ping_status":"closed","template":"","meta":{"footnotes":""},"class_list":["post-3097","page","type-page","status-publish","hentry"],"_links":{"self":[{"href":"https:\/\/db-school.fr\/index.php\/wp-json\/wp\/v2\/pages\/3097","targetHints":{"allow":["GET"]}}],"collection":[{"href":"https:\/\/db-school.fr\/index.php\/wp-json\/wp\/v2\/pages"}],"about":[{"href":"https:\/\/db-school.fr\/index.php\/wp-json\/wp\/v2\/types\/page"}],"author":[{"embeddable":true,"href":"https:\/\/db-school.fr\/index.php\/wp-json\/wp\/v2\/users\/1"}],"replies":[{"embeddable":true,"href":"https:\/\/db-school.fr\/index.php\/wp-json\/wp\/v2\/comments?post=3097"}],"version-history":[{"count":8,"href":"https:\/\/db-school.fr\/index.php\/wp-json\/wp\/v2\/pages\/3097\/revisions"}],"predecessor-version":[{"id":3256,"href":"https:\/\/db-school.fr\/index.php\/wp-json\/wp\/v2\/pages\/3097\/revisions\/3256"}],"up":[{"embeddable":true,"href":"https:\/\/db-school.fr\/index.php\/wp-json\/wp\/v2\/pages\/19"}],"wp:attachment":[{"href":"https:\/\/db-school.fr\/index.php\/wp-json\/wp\/v2\/media?parent=3097"}],"curies":[{"name":"wp","href":"https:\/\/api.w.org\/{rel}","templated":true}]}}